
Let r(g) = 2*g**3 + 28*g**2 - 661*g + 634. What is r(1)?
3
Let w(x) = 8*x + 221. Determine w(-24).
29
Let d(i) = 5*i + 27. Give d(-10).
-23
Let b(y) = y**3 + 13*y**2 + 15*y - 146. Give b(-10).
4
Let o(l) = 40*l + 17. What is o(-1)?
-23
Let a(s) = -69*s - 1913. Determine a(-27).
-50
Let g(b) = -b**3 - 12*b**2 + 34*b + 182. Determine g(-15).
347
Let t(b) = 39*b**3 - 131*b**2 + 41*b - 2. Calculate t(3).
-5
Let t(s) = -87*s - 4577. Determine t(-53).
34
Let l(d) = d**3 + 10*d**2 - 23*d - 35. Calculate l(-13).
-243
Let v(k) = k**2 + 35*k - 58. Give v(-36).
-22
Let s(n) = 10*n**2 + 4*n + 24. Determine s(0).
24
Let s(d) = d**3 - 8*d**2 + 337*d - 1614. Determine s(5).
-4
Let q(p) = p**3 + 37*p**2 - 130*p + 135. Determine q(-40).
535
Let b(u) = 10*u**3 - 4*u**2 - 18*u - 42. Calculate b(-3).
-294
Let u(k) = 31*k - 2988. What is u(98)?
50
Let k(x) = 98*x**2 + 12154*x + 247. Give k(-124).
-1
Let g(d) = -d**2 - 192*d - 1280. What is g(-7)?
15
Let h(r) = r**3 + 67*r**2 - 3*r - 141. Give h(-67).
60
Let i(z) = 42*z**2 - 33*z + 10. What is i(-3)?
487
Let p(i) = -99*i + 3734. What is p(38)?
-28
Let l(g) = 18*g**2 + 35*g - 70. Determine l(2).
72
Let j(n) = n**3 + 55*n**2 + 410*n - 14. What is j(-9)?
22
Let o(g) = 20*g - 58. Determine o(7).
82
Let j(q) = -29*q + 54. Determine j(11).
-265
Let c(b) = -8*b**2 - 67*b - 42. Determine c(-9).
-87
Let a(s) = s**3 - 45*s**2 + 91*s - 224. Give a(43).
-9
Let f(l) = -220*l + 1978. What is f(9)?
-2
Let o(h) = 8*h**3 + 155*h**2 + 537*h + 175. Calculate o(-15).
-5
Let m(t) = -512*t**2 - t. Give m(1).
-513
Let g(r) = r**2 + r - 251. Calculate g(0).
-251
Let n(a) = a**3 - 17*a**2 - 29*a - 54. Calculate n(19).
117
Let b(f) = 4*f**2 - 24*f + 38. What is b(2)?
6
Let o(p) = 27*p**2 + 552*p + 264. Calculate o(-20).
24
Let w(p) = 3*p**3 - 20*p**2 - 32*p + 5. Determine w(8).
5
Let y(g) = g**2 + 5*g - 1722. Give y(39).
-6
Let g(f) = f**2 + 57*f - 723. Calculate g(14).
271
Let v(x) = 23*x**2 - 370*x + 1. Give v(16).
-31
Let k(j) = 3*j**3 - 1411*j**2 + 502*j - 15046. Determine k(470).
-6
Let k(m) = -119*m - 447. What is k(-5)?
148
Let l(n) = n**2 + 120*n - 3127. Give l(-142).
-3
Let x(k) = -k**2 + 54*k - 758. Give x(26).
-30
Let b(q) = -q**3 + 40*q**2 - 30*q - 333. Determine b(39).
18
Let t(k) = 85*k - 243. Determine t(3).
12
Let t(w) = 4*w**3 - 3*w**2 + 13*w - 28. Determine t(2).
18
Let p(t) = t**3 - 8*t**2 + 7*t + 25. Calculate p(6).
-5
Let x(i) = -i**3 + 74*i**2 + 72*i + 233. Determine x(75).
8
Let v(h) = 826*h - 7326. Give v(9).
108
Let l(n) = -30*n - 403. Give l(-14).
17
Let b(a) = -669*a - 2671. Calculate b(-4).
5
Let l(k) = -104*k - 643. What is l(-6)?
-19
Let r(m) = -162*m - 1310. Calculate r(-8).
-14
Let d(i) = -80*i - 2341. Give d(-29).
-21
Let y(b) = 1593*b - 20709. What is y(13)?
0
Let g(k) = k**3 - 10*k**2 - 8*k + 69. Determine g(10).
-11
Let y(p) = 218*p + 14396. Give y(-66).
8
Let j(q) = -15*q + 54. What is j(3)?
9
Let y(p) = -p**3 - 57*p**2 - 71. What is y(-57)?
-71
Let i(n) = 3*n**3 + 117*n**2 + 235. What is i(-39)?
235
Let l(d) = -11*d + 43. What is l(-2)?
65
Let c(a) = a**2 + 437*a - 1325. Determine c(3).
-5
Let r(n) = -n**2 + 20*n + 93. Determine r(28).
-131
Let b(l) = l**3 + 45*l**2 - 100*l - 163. Give b(-47).
119
Let f(l) = -33*l - 449. Give f(-14).
13
Let l(f) = -f**2 + 27*f - 21. Determine l(20).
119
Let u(n) = -n**3 + 19*n**2 - 88*n - 22. Determine u(9).
-4
Let r(c) = -c**3 + 10*c**2 + 72*c - 290. Calculate r(4).
94
Let z(x) = -x**2 - 161*x - 1402. Determine z(-9).
-34
Let q(b) = -2*b**2 - 23*b + 113. What is q(-16)?
-31
Let q(i) = i**2 - 415*i + 13625. What is q(36)?
-19
Let l(v) = -v**2 + 68*v - 963. Give l(48).
-3
Let b(q) = 6*q**2 - 273*q + 3056. Calculate b(20).
-4
Let h(r) = -3*r + 70. Determine h(-11).
103
Let c(p) = -p**2 - 134*p + 2553. Calculate c(-151).
-14
Let d(b) = 14*b**2 - 83*b + 69. What is d(5)?
4
Let p(c) = -c**3 - 12*c**2 + 126*c - 133. Calculate p(-19).
0
Let r(a) = -22*a**2 + 98*a + 60. What is r(5)?
0
Let y(w) = 8*w**2 + 199*w + 164. Give y(-24).
-4
Let s(q) = -q**2 + 32*q + 813. Give s(-18).
-87
Let n(a) = 417*a + 4178. Give n(-10).
8
Let b(g) = 92*g - 540. Calculate b(5).
-80
Let a(z) = -2*z**3 - 58*z**2 - z - 3. Calculate a(-29).
26
Let v(r) = -r**3 - 10*r**2 + 7*r - 63. Give v(-11).
-19
Let p(x) = 3*x**3 + 15*x**2 - 95*x - 8. Calculate p(4).
44
Let d(v) = v**2 - 41*v + 207. Calculate d(35).
-3
Let z(h) = 8*h**2 - 269*h - 284. Calculate z(-1).
-7
Let d(q) = -q**2 + 30*q + 730. Calculate d(-14).
114
Let k(m) = m**2 - 23*m - 168. Determine k(-6).
6
Let m(t) = -24*t + 1286. Determine m(63).
-226
Let c(f) = -f**2 - 4*f + 11. Determine c(-18).
-241
Let u(n) = 7*n + 450. Calculate u(-70).
-40
Let z(n) = -100*n**3 + 5*n**2 - 7*n + 4. Calculate z(2).
-790
Let u(w) = 403*w - 78178. Determine u(194).
4
Let j(n) = -100*n - 391. Give j(-1).
-291
Let o(s) = -s**3 - 21*s**2 + 43*s - 56. Give o(-23).
13
Let r(c) = -15*c**2 - 12*c - 39. What is r(-3)?
-138
Let r(x) = x**3 + 12*x**2 - 44*x - 24. What is r(8)?
904
Let g(l) = -l - 187. Determine g(-32).
-155
Let h(z) = 11*z**2 + 20*z - 77. Calculate h(2).
7
Let t(d) = d**3 + 28*d**2 + 16*d + 364. What is t(-28)?
-84
Let l(u) = -104*u**2 - 23*u + 34. Give l(2).
-428
Let a(s) = -s**3 + 17*s**2 - 19*s + 134. What is a(16)?
86
Let u(z) = z**3 + 12*z**2 + 9*z + 21. Calculate u(-10).
131
Let c(i) = -2*i**3 - 18*i**2 - 64*i + 12. Give c(-5).
132
Let i(u) = -46*u - 611. Determine i(-13).
-13
Let t(x) = 74*x - 8501. Determine t(115).
9
Let f(x) = -x**2 + 16*x - 24. Calculate f(7).
39
Let g(a) = -a**3 + 4*a**2 + 14*a + 40. What is g(-4)?
112
Let u(s) = s**3 + 9*s**2 - 19*s + 51. What is u(-13)?
-378
Let o(d) = -8*d**2 + 6*d + 17. Calculate o(-3).
-73
Let l(k) = -k**2 - 29*k + 15. Calculate l(0).
15
Let y(s) = -13*s**3 + s**2 + 9*s - 12. Calculate y(-3).
321
Let k(a) = -a**3 + 65*a**2 - 299*a - 83. What is k(60)?
-23
Let w(a) = a**2 - 6316*a - 3. Give w(0).
-3
Let d(x) = -x**2 - 160*x + 484. What is d(3)?
-5
Let g(z) = 346*z - 2422. What is g(7)?
0
Let m(z) = -4*z**3 - 178*z**2 - 84*z + 177. Give m(-44).
1
Let b(s) = -s**3 - 8*s**2 - 47*s - 460. What is b(-8)?
-84
Let w(h) = 2654*h - 79625. Determine w(30).
-5
Let y(i) = -6*i**2 - i - 18. Determine y(-2).
-40
Let m(f) = -5774*f + 51971. Give m(9).
5
Let m(q) = -4*q**2 + 56*q + 192. Calculate m(17).
-12
Let v(a) = a**2 + 24*a - 28. Determine v(1).
-3
Let k(d) = 101*d**2 - 1116*d + 68. What is k(11)?
13
Let t(d) = -4*d**2 - 12*d + 34. Give t(-4).
18
Let a(b) = b**3 + 76*b**2 + 217*b - 178. Determine a(-73).
-32
Let b(h) = h**2 - 68*h + 1098. Determine b(35).
-57
Let m(f) = f**3 + 38*f**2 - 84*f - 195. What is m(-40)?
-35
Let a(f) = -171*f + 1389. Give a(8).
21
Let c(q) = -4*q**2 + 63*q + 376. Give c(22).
-174
Let g(v) = 622*v - 9961. Determine g(16).
-9
Let x(v) = -v**2 + 30*v - 180. Give x(28).
-124
Let d(b) = -b**3 + 66*b**2 + 36*b - 6561. Give d(65).
4
Let r(v) = -v**2 + 226*v - 1739. What is r(8)?
5
Let t(m) = -m**2 + 88*m - 1098. Determine t(15).
-3
Let s(n) = -n**3 + 7*n**2 + 6*n - 41. Give s(7).
1
Let s(c) = c**2 - 3*c + 58. Determine s(15).
238
Let k(s) = 363*s - 887. What is k(4)?
565
Let l(z) = -z**3 - 238*z**2 + 222*z - 4058. Determine l(-239).
5
Let a(p) = -2*p**3 + 10*p**2 - 8*p - 14. Determine a(7).
-266
Let x(o) = -14*o**2 - 881*o + 67. Give x(-63).
4
Let p(n) = n**3 + 62*n**2 + 122*n + 125. Determine p(-60).
5
Let b(n) = 21*n**2 + 205*n + 4. Calculate b(-11).
290
Let b(v) = -187*v**2 - 25432*v - 7. What is b(-136)?
-7
Let u(q) = -62*q - 2518. Calculate u(-25).
-968
Let c(w) = -2*w**3 + 9*w**2 + 19*w + 262. Determine c(8).
-34
Let b(h) = -6*h**2 - 73*h + 6353. Determine b(27).
8
Let j(a) = -a**2 - 60*a - 817. Calculate j(-38).
19
Let o(f) = -f**3 + 5*f**2 + 91*f + 30. Determine o(-7).
-19
Let x(p) = -3*p**2 + 23*p + 44. What is x(12)?
-112
Let b(s) = -18*s + 806. Determine b(36).
158
Let r(t) = 289*t + 4041. Determine r(-14).
-5
Let l(o) = 3*o**3 - 10*o**2 - 21*o - 10. What is l(5)?
10
Let v(u) = -188*u + 21585. Calculate v(115).
-35
Let n(c) = 13*c**2 + 711*c - 1422. What is n(2)?
52
Let v(x) = 61*x - 486. Calculate v(8).
2
Let d(c) = c**3 - 38*c**2 + 12*c + 865. Give d(37).
-60
Let f(r) = r**2 + 64*r + 504. Calculate f(-55).
9
Let k(p) = -p**3 + 31*p**2 - 59*p + 66. What is k(29)?
37
Let v(k) = k**3